 2*s**2 + s + 3. Let h be q(2). Let t be j(h). Let b(a) = -a**2 + 2. Calculate b(t).
-2
Suppose -23*p - 11 = -44 - 36. Let t(d) = -d + 32. Determine t(p).
29
Let d(r) = -3*r - 27. Let x be ((-2)/(-6))/(19/(-2052)*2). Calculate d(x).
27
Let v = -20 - -23. Let h(b) = -2*b - 4*b**2 - 4 + 5*b + v. Suppose 8*g = 4*g + 8. Determine h(g).
-11
Suppose t - 14 = 2*v, 0 = -4*t + v + v + 50. Let s = -7 + t. Let w(f) = f**2 + 4 - 3*f - 2 - f. What is w(s)?
7
Let x = -777 - -801. Let n(b) = 5*b - 120. Give n(x).
0
Let d(k) = 17*k**3 - 7. Let u(q) = -34*q**3 + 13. Let x(v) = 11*d(v) + 6*u(v). Suppose -h + 28 = -3*h - 4*g, -3*h = 3*g + 42. Let z = -13 - h. Calculate x(z).
-16
Let t(k) be the third derivative of k**5/60 - 5*k**4/12 + 2*k**3/3 + 768*k**2. Let h(q) = -q**2 - 3*q + 4. Let j be h(-3). Determine t(j).
-20
Let h(f) = 2*f**2. Let j(y) = 69*y + 211. Let l be j(-3). Let o be (13/(-2))/(2/(-4)). Suppose 9*u = o*u + l. What is h(u)?
2
Let w(v) = -v - 7. Suppose q - 2*g - 2 = 3, 5*g - 10 = -5*q. Suppose 0 = -q*x - 14 + 2. Let b be 2/x*(4 + -4). Determine w(b).
-7
Let p(t) = -2*t**3 - 8*t**2 + 12*t + 15. Let u be p(-5). Let d(l) = -427*l - 432*l + u + 863*l. Calculate d(-3).
-7
Let l = 15 + 21. Suppose -l + 40 = h. Let f(w) = w + 2 - h*w + 2*w**2 - w - w. Determine f(3).
5
Let b(p) = 41*p - 8*p**2 + 232 - 9*p**2 - 10*p**2 + 31*p**2 - 3*p**2. Determine b(-34).
-6
Let q(u) = -u**3 + 30*u**2 + 6*u - 160. Let d be q(30). Let z(a) = -15*a + 297. Calculate z(d).
-3
Let f(t) = t**3 - 5*t**2 + 5*t - 5. Let u(h) = -17*h**2 + 38*h - 5. Let p(r) = 3*r**2 + 2*r. Let d(a) = 4*p(a) + u(a). Let x be d(9). Determine f(x).
-1
Suppose 0 = 80*m - 81*m + 109. Suppose -5*z + 3*p + m = 16, -p = -4. Suppose -14*u + z*u - 14 = 0. Let f(l) = 3*l**2 + 2. Determine f(u).
14
Let c(r) = 10*r**2 - 18*r - 13. Let w(j) = -7*j**2 + 12*j + 9. Let b(s) = -5*c(s) - 7*w(s). Suppose -67 - 10 = -128*t + 563. Determine b(t).
7
Let p(h) = 2*h + 11. Let g(m) = 4*m + 21. Let k(q) = -6*g(q) + 13*p(q). Let a be (-17)/(-51) - ((-38)/(-3))/2. Determine k(a).
5
Let t(y) = -y**2 + 3*y - 4. Let d = 125 - 119. Suppose -2*l + 23 = -h, -4*h = -4*l + 3*l - d. Suppose 4*r - n = l, 0*r + 16 = 2*r - 5*n. Determine t(r).
-4
Let r(m) = -2 - 19 - m - m - 14 - 2*m. What is r(-5)?
-15
Let f(z) = 18*z - 73. Let b be f(4). Let l(j) = 1. Let g(a) = 7*a**2 + a - 4. Suppose 2*h - 3*h - 1 = 0. Let w(q) = h*g(q) - 4*l(q). Give w(b).
-6
Let l(n) be the first derivative of -n**4/4 + 2*n**3 + 7*n**2/2 + 5*n - 168. Let s = 7 - 11. Let x be ((-3)/s - -1)*4. Calculate l(x).
5
Let r(u) = u**3 + 8*u**2 + 13*u + 19. Let v(p) = -3*p**3 - 23*p**2 - 38*p - 72. Let d(w) = -8*r(w) - 3*v(w). What is d(-5)?
14
Let j = -773 + 821. Let t be 16/(-88) + (j/22 - 5). Let n(z) = z + 9. What is n(t)?
6
Suppose -14*p = 2*s - 11*p - 19, -4*s + p = -3. Let c(j) = 4*j**2 + j**2 - 199 + 203 - j - 3*j**s. Give c(2).
10
Let d be (-12)/48 + (-322)/(-8). Let y(z) = 5 + 88*z - 36*z - z**3 - d*z + 12*z**2. Give y(13).
-8
Suppose 11*u = 7*u + 8. Let k be 3/(u - 9/3). Let w(x) = -x**2 + 6*x - 41. Let l(a) = -a + 6. Let h(y) = -14*l(y) - 2*w(y). Determine h(k).
10
Let g(r) be the third derivative of -r**6/120 - r**5/15 + 2*r**3/3 - 3*r**2. Suppose 4*n + 11 = -9. Let m be 17/n - 20/(-50). Calculate g(m).
-5
Suppose 0 = -4*p + 20. Let i(q) be the third derivative of -1/8*q**4 + 0*q + 0 + q**3 - 50*q**2. What is i(p)?
-9
Let a(k) be the second derivative of k**4/4 - k**3/2 + k**2/2 - 1592*k. Suppose 0 = 2*g + 4*u - 24, -2*g - 5*u + 14 = -3*u. Determine a(g).
7
Let w(s) = s**3 - 10*s**2 + 13*s - 5. Suppose -n - m - 8 = 0, 2*m - 4*m - 8 = 0. Let p be (2 + 7)*(-3 - n). Determine w(p).
31
Let d(r) = -14 + 16 + 4*r**2 + 13 + 14 + 26*r + 63*r. Determine d(-22).
7
Let a(u) = -14*u - 6 - 4 - 842*u**3 + 844*u**3 - 8 - 3*u**2 + 5. What is a(-2)?
-13
Let l(m) = m**2 + 9*m + 4. Suppose 27 = -4*d + 39. Suppose -d*q - z + 47 = 3*z, 4*z = -q + 13. Suppose -4*n = q + 3. Calculate l(n).
-16
Let a = -242 - -244. Let z(k) = k**2 - 9*k**3 + 10*k**3 - 2*k**2 + 2*k**a. Give z(-3).
-18
Let z(g) = g**2 + 11*g + 18. Let p be z(-9). Suppose 2*l = q + 2 + 3, -q + 3 = p. Let y(a) = -l*a - 7*a**2 + 6*a**2 + 5 + 2*a**2. What is y(4)?
5
Let w(l) = -l**2 + 5*l + 3. Suppose 661*i - 29 = 3*p + 657*i, -p = 5*i - 41. Let y be 110/8 - (-1)/4. Suppose -83 = -y*a + p. Give w(a).
-3
Let t(r) = -r**2 - 4*r + 7. Suppose 0 = -3*o - 4*u + 8, 3*u - u + 2 = 0. Suppose 9 = o*d + 37. Give t(d).
-14
Let n(z) = -7*z**2 + 51 - 50 - z**2. Let m(l) = 2*l + 21. Let v be m(-8). Suppose 9*s - 14*s = v. Calculate n(s).
-7
Let p = -884 - -920. Let h(z) = 2*z**3 - 71*z**2 - 37*z + 27. Let d be h(p). Let c(q) = -q**3 - 9*q**2 - q - 4. What is c(d)?
5
Let o be (6/4)/(5 + (-258)/48). Let y = o - -6. Let p(n) = y*n - 50 + 14 + 22 + 16. What is p(-4)?
-6
Let q(g) = -g**3 - 8*g**2 + 33*g - 21. Let u be 12/(-15) + (2499/35)/(-7). Determine q(u).
-21
Suppose 8*v - 30 - 66 = 0. Suppose 5*i = -13 - v, -4*u = 4*i - 4. Let l(q) = q**3 - 6*q**2 + q - 3. Determine l(u).
3
Let c(f) be the first derivative of f**3/3 + 6*f**2 + 9*f + 7236. Determine c(0).
9
Suppose -x + 11 = -4*f, 11 = -3*x - 2*f - 12. Suppose 14 = g + g + 3*h, 4*g + 8 = 3*h. Let q(p) = -1 - 6*p**2 - 1 - 2 - p**3 + g - 7*p. Calculate q(x).
7
Suppose -56 - 22 = -11*i + 54. Let z(h) = h - 7. Calculate z(i).
5
Let l(o) = o**2 - o + 2. Suppose 30 = 3*w - 9*a + 13*a, 2*w + 5*a - 27 = 0. Suppose -h - 9 = 2*t, h - w*h = 5*t + 30. Determine l(h).
14
Let u(z) be the first derivative of -z**4 - 2*z**3/3 + z**2/2 - 2453. Give u(1).
-5
Let k(a) be the second derivative of -5*a**3/2 + 95*a**2 - 289*a. Let q be k(12). Let l(p) = -p**3 + 11*p**2 - 14*p - 4. Determine l(q).
-44
Let u(w) = -318 - 21*w + 154*w**2 - 153*w**2 + 276. Determine u(-2).
4
Let v(d) = -295*d + 1785. Let k be v(6). Let a(j) = j**3 - 17*j**2 + 30*j - 9. What is a(k)?
-9
Let j(w) = -3*w**2 - 17*w - 4. Let v(d) = 3*d**2 + 16*d + 4. Let c(r) = 2*j(r) + 3*v(r). Let p be c(-4). Let t(q) = 2*q + 5. Calculate t(p).
-3
Let k(j) = 20*j + 24. Let u be 9 - (3 - 99/(-16 + 5)). What is k(u)?
-36
Let u be 4 - (40/(-1))/(-5). Let w = 12 + -6. Let b(d) = 3 - w - 3*d - 2 + 0. What is b(u)?
7
Let z = -9360 - -9360. Let i(y) = 10*y**2 - y - 3. Determine i(z).
-3
Suppose 5*q - 5*h - 47 = 108, 3*h = -5*q + 115. Let i be 1530/q + (-2)/(-26)*2. Let z(p) = 0*p**2 + p**2 + i - 114 - 3*p + 59. Determine z(6).
22
Let l(w) be the third derivative of w**5/60 - w**4/8 + 11*w**3/6 + 22*w**2 - 2*w + 11. Give l(7).
39
Let q(u) = -u + 19. Suppose -40 - 8 = -12*x. Suppose -41 = -3*f + 2*h, -3*h = x*f + h - 68. What is q(f)?
4
Let x(u) = 9*u**2 + 3*u + 2. Let w be 13 - (10 + -6) - 10. Give x(w).
8
Let t(q) be the third derivative of -q**5/60 + 11*q**4/24 - 11*q**3/3 + 1588*q**2 + 3. Calculate t(6).
8
Let t(a) be the second derivative of -3/2*a**2 + 1/6*a**3 - 38*a + 0. Give t(-8).
-11
Suppose 0 = 3*f + 3*f. Let a(t) be the second derivative of -t**4/24 + 3*t**3/2 + 2*t**2 - 13*t - 1. Let d(s) be the first derivative of a(s). What is d(f)?
9
Let s(p) = -3*p - 1. Let w be 8*(-7)/(-14) - (-1 + 16). Let f(i) = -12*i - 4. Let r(j) = w*s(j) + 2*f(j). Determine r(-5).
-42
Let d(q) = q**2 + 2*q + 3. Let h = -147 + 152. Let p(g) = g**2 - 3*g - 13. Let o be p(h). Determine d(o).
6
Let o(u) = 6*u + 62. Let x be (-3)/(-5 + (-580)/(-110)). Give o(x).
-4
Let l(y) = y**3 - 3*y**2 + y - 2. Let s be (-6)/9 - (-502)/6. Let n = 34 - s. Let m = n - -51. Determine l(m).
-4
Let z(k) = 5*k + 595. Let i(b) = -10*b - 1091. Let v(t) = -6*i(t) - 11*z(t). Give v(-7).
-34
Let m(k) = 9*k**3 - 16*k**2 + 26*k - 63. Let h(q) = 2*q**3 - q**2 + q - 13. Let a(v) = 4*h(v) - m(v). What is a(8)?
91
Let p(j) = -5*j + 1. Suppose 0 = -2*q + 36 - 268. Let c = q + 111. Give p(c).
26
Suppose -10*k + 1 = -11*k. Let q be 2/k - 50/(-10). Let c = 0 - q. Let a(x) = -x**2 + 2. Determine a(c).
-7
Let b(l) = l**3 - 7*l**2 - 8*l - 5. Let c(x) = -41*x + 29 - 7*x**2 + 41*x**2 - 15*x**2 + x**3. Let z be c(-21). Give b(z).
-5
Let l(g) = -11*g**2 + 15 + 12*g + 204*g**3 - 19 + 200*g**3 - 403*g**3. Determine l(8).
-100
Let d be (-2)/30 + 434/210. Let q(c) be the third derivative of 1/3*c**3 - 4*c**2 - 1/30*c**5 + 0*c + 1/24*c**4 + 0. Determine q(d).
-4
Let b(l) = 8 + l**3 + 14*l**2 + 0 + 9 - 14*l. Let u be